{"id":3,"date":"2022-11-22T17:04:20","date_gmt":"2022-11-22T16:04:20","guid":{"rendered":"http:\/\/kyynxnn.cluster031.hosting.ovh.net\/?page_id=3"},"modified":"2023-01-12T10:21:40","modified_gmt":"2023-01-12T09:21:40","slug":"politique-de-confidentialite","status":"publish","type":"page","link":"https:\/\/art-ben.xyz\/index.php\/politique-de-confidentialite\/","title":{"rendered":"Politique de confidentialit\u00e9"},"content":{"rendered":"\n<h2 class=\"wp-block-heading\">Qui sommes-nous&nbsp;?<\/h2>\n\n\n\n<p>Le site situ\u00e9 \u00e0 l&rsquo;adresse <a href=\"https:\/\/art-ben.xyz\" target=\"_blank\" rel=\"noreferrer noopener\">art-ben.xyz<\/a> appartient \u00e0 Benoit VIGNOT, artiste peintre. Ce site est destin\u00e9 \u00e0 exposer les \u0153uvres de Benoit VIGNOT. Une boutique en ligne permet de faire l&rsquo;achat de ces \u0153uvres.<\/p>\n\n\n\n<h2 class=\"wp-block-heading\">Commentaires<\/h2>\n\n\n\n<p>Quand vous laissez un commentaire sur notre site, les donn\u00e9es inscrites dans le formulaire de commentaire, ainsi que votre adresse IP et l\u2019agent utilisateur de votre navigateur sont collect\u00e9s pour nous aider \u00e0 la d\u00e9tection des commentaires ind\u00e9sirables.<\/p>\n\n\n\n<p>Une cha\u00eene anonymis\u00e9e cr\u00e9\u00e9e \u00e0 partir de votre adresse e-mail (\u00e9galement appel\u00e9e hash) peut \u00eatre envoy\u00e9e au service Gravatar pour v\u00e9rifier si vous utilisez ce dernier. Les clauses de confidentialit\u00e9 du service Gravatar sont disponibles ici&nbsp;: https:\/\/automattic.com\/privacy\/. Apr\u00e8s validation de votre commentaire, votre photo de profil sera visible publiquement \u00e0 cot\u00e9 de votre commentaire.<\/p>\n\n\n\n<h2 class=\"wp-block-heading\">M\u00e9dias<\/h2>\n\n\n\n<p>Si vous t\u00e9l\u00e9versez des images sur le site, nous vous conseillons d\u2019\u00e9viter de t\u00e9l\u00e9verser des images contenant des donn\u00e9es EXIF de coordonn\u00e9es GPS. Les personnes visitant votre site peuvent t\u00e9l\u00e9charger et extraire des donn\u00e9es de localisation depuis ces images.<\/p>\n\n\n\n<h2 class=\"wp-block-heading\">Cookies<\/h2>\n\n\n\n<p>Si vous d\u00e9posez un commentaire sur notre site, il vous sera propos\u00e9 d\u2019enregistrer votre nom, adresse e-mail et site dans des cookies. C\u2019est uniquement pour votre confort afin de ne pas avoir \u00e0 saisir ces informations si vous d\u00e9posez un autre commentaire plus tard. Ces cookies expirent au bout d\u2019un an.<\/p>\n\n\n\n<p>Si vous vous rendez sur la page de connexion, un cookie temporaire sera cr\u00e9\u00e9 afin de d\u00e9terminer si votre navigateur accepte les cookies. Il ne contient pas de donn\u00e9es personnelles et sera supprim\u00e9 automatiquement \u00e0 la fermeture de votre navigateur.<\/p>\n\n\n\n<p>Lorsque vous vous connecterez, nous mettrons en place un certain nombre de cookies pour enregistrer vos informations de connexion et vos pr\u00e9f\u00e9rences d\u2019\u00e9cran. La dur\u00e9e de vie d\u2019un cookie de connexion est de deux jours, celle d\u2019un cookie d\u2019option d\u2019\u00e9cran est d\u2019un an. Si vous cochez \u00ab&nbsp;Se souvenir de moi&nbsp;\u00bb, votre cookie de connexion sera conserv\u00e9 pendant deux semaines. Si vous vous d\u00e9connectez de votre compte, le cookie de connexion sera effac\u00e9.<\/p>\n\n\n\n<p>En modifiant ou en publiant une publication, un cookie suppl\u00e9mentaire sera enregistr\u00e9 dans votre navigateur. Ce cookie ne comprend aucune donn\u00e9e personnelle. Il indique simplement l\u2019ID de la publication que vous venez de modifier. Il expire au bout d\u2019un jour.<\/p>\n\n\n\n<h2 class=\"wp-block-heading\">Contenu embarqu\u00e9 depuis d\u2019autres sites<\/h2>\n\n\n\n<p>Les articles de ce site peuvent inclure des contenus int\u00e9gr\u00e9s (par exemple des vid\u00e9os, images, articles\u2026). Le contenu int\u00e9gr\u00e9 depuis d\u2019autres sites se comporte de la m\u00eame mani\u00e8re que si le visiteur se rendait sur cet autre site.<\/p>\n\n\n\n<p>Ces sites web pourraient collecter des donn\u00e9es sur vous, utiliser des cookies, embarquer des outils de suivis tiers, suivre vos interactions avec ces contenus embarqu\u00e9s si vous disposez d\u2019un compte connect\u00e9 sur leur site web.<\/p>\n\n\n\n<h2 class=\"wp-block-heading\">Utilisation et transmission de vos donn\u00e9es personnelles<\/h2>\n\n\n\n<p>Si vous demandez une r\u00e9initialisation de votre mot de passe, votre adresse IP sera incluse dans l\u2019e-mail de r\u00e9initialisation.<\/p>\n\n\n\n<h2 class=\"wp-block-heading\">Dur\u00e9es de stockage de vos donn\u00e9es<\/h2>\n\n\n\n<p>Si vous laissez un commentaire, le commentaire et ses m\u00e9tadonn\u00e9es sont conserv\u00e9s ind\u00e9finiment. Cela permet de reconna\u00eetre et approuver automatiquement les commentaires suivants au lieu de les laisser dans la file de mod\u00e9ration.<\/p>\n\n\n\n<p>Pour les comptes qui s\u2019inscrivent sur notre site (le cas \u00e9ch\u00e9ant), nous stockons \u00e9galement les donn\u00e9es personnelles indiqu\u00e9es dans leur profil. Tous les comptes peuvent voir, modifier ou supprimer leurs informations personnelles \u00e0 tout moment (\u00e0 l\u2019exception de leur identifiant). Les gestionnaires du site peuvent aussi voir et modifier ces informations.<\/p>\n\n\n\n<h2 class=\"wp-block-heading\">Les droits que vous avez sur vos donn\u00e9es<\/h2>\n\n\n\n<p>Si vous avez un compte ou si vous avez laiss\u00e9 des commentaires sur le site, vous pouvez demander \u00e0 recevoir un fichier contenant toutes les donn\u00e9es personnelles que nous poss\u00e9dons \u00e0 votre sujet, incluant celles que vous nous avez fournies. Vous pouvez \u00e9galement demander la suppression des donn\u00e9es personnelles vous concernant. Cela ne prend pas en compte les donn\u00e9es stock\u00e9es \u00e0 des fins administratives, l\u00e9gales ou pour des raisons de s\u00e9curit\u00e9.<\/p>\n\n\n\n<h2 class=\"wp-block-heading\">O\u00f9 vos donn\u00e9es sont envoy\u00e9es<\/h2>\n\n\n\n<p>Les commentaires des visiteurs peuvent \u00eatre v\u00e9rifi\u00e9s \u00e0 l\u2019aide d\u2019un service automatis\u00e9 de d\u00e9tection des commentaires ind\u00e9sirables.<\/p>\n\n\n\n<p>Nous collectons des informations lors de la validation de commande sur notre boutique.<\/p>\n\n\n\n<h2 class=\"wp-block-heading\">Ce que nous collectons et stockons<\/h2>\n\n\n\n<p>Pendant votre visite du site, nous suivons&nbsp;:<\/p>\n\n\n\n<ul class=\"wp-block-list\">\n<li>Produits que vous avez vus&nbsp;: permet par exemple d\u2019afficher des produits que vous avez r\u00e9cemment consult\u00e9s<\/li>\n\n\n\n<li>Localisation, adresse IP et type de navigateur&nbsp;: nous les utilisons pour l\u2018estimation des taxes et frais de port<\/li>\n\n\n\n<li>Adresse de livraison&nbsp;: nous vous demanderons de la saisir pour estimer les frais d\u2019exp\u00e9dition avant que vous passiez commande, et pour vous envoyer la commande&nbsp;!<\/li>\n<\/ul>\n\n\n\n<p>Nous utilisons des cookies pour suivre les contenus du panier pendant que vous naviguez sur notre site.<\/p>\n\n\n\n<p>Quand vous achetez sur notre site web, nous vous demanderons de fournir des informations incluant votre nom, adresse de facturation, adresse de livraison, e-mail, num\u00e9ro de t\u00e9l\u00e9phone, donn\u00e9es de paiement \/ carte bancaire et \u00e9ventuellement les donn\u00e9es du compte tel que l\u2019identifiant et le mot de passe. Ces informations seront utilis\u00e9es pour&nbsp;:<\/p>\n\n\n\n<ul class=\"wp-block-list\">\n<li>Envoie de l\u2019information \u00e0 propos de votre compte et commande<\/li>\n\n\n\n<li>R\u00e9pondre aux demandes, incluant les remboursements et plaintes<\/li>\n\n\n\n<li>Traitement des paiements et pr\u00e9vention de la fraude<\/li>\n\n\n\n<li>Configurez votre compte pour notre boutique<\/li>\n\n\n\n<li>Se conformer avec toute obligation l\u00e9gale, telle que le calcul des taxes<\/li>\n\n\n\n<li>Am\u00e9liorer les offres de notre boutique<\/li>\n\n\n\n<li>Vous envoyer des messages marketing, si vous choisissez d\u2019en recevoir<\/li>\n<\/ul>\n\n\n\n<p>Si vous cr\u00e9ez un compte, nous stockons votre nom, adresse, e-mail, et num\u00e9ro de t\u00e9l\u00e9phone, qui sera utilis\u00e9 pour pr\u00e9remplir la validation de commande pour les prochaines commandes.<\/p>\n\n\n\n<p>Nous stockons g\u00e9n\u00e9ralement vos informations aussi longtemps que nous en avons besoin pour l\u2019usage pour lequel nous les collectons et utilisons, et nous ne sommes pas oblig\u00e9s l\u00e9galement de continuer \u00e0 les conserver. Par exemple, nous stockons les informations de commande pour 5 ann\u00e9es pour les taxes et la comptabilit\u00e9. Ceci inclut votre nom, e-mail et adresses de facturation et livraison.<\/p>\n\n\n\n<p>Nous stockons aussi les commentaires ou avis, si vous choisissez d\u2019en envoyer.<\/p>\n\n\n\n<h2 class=\"wp-block-heading\">Qui de notre \u00e9quipe a acc\u00e8s aux donn\u00e9es<\/h2>\n\n\n\n<p>Les membres de notre \u00e9quipe ont acc\u00e8s aux informations que vous nous fournissez. Par exemple, les administrateurs et g\u00e9rants de boutique ont acc\u00e8s&nbsp;:<\/p>\n\n\n\n<ul class=\"wp-block-list\">\n<li>Information de commande tel que ce qui a \u00e9t\u00e9 achet\u00e9, quand et o\u00f9 cela doit \u00eatre envoy\u00e9, et<\/li>\n\n\n\n<li>Information client tel que votre nom, e-mail et informations de facturation et livraison.<\/li>\n<\/ul>\n\n\n\n<p>Notre \u00e9quipe a acc\u00e8s \u00e0 ces informations pour tra\u00eeter les commandes, effectuer les remboursements et vous aider.<\/p>\n\n\n\n<h2 class=\"wp-block-heading\">Ce que nous partageons avec d\u2019autres<\/h2>\n\n\n\n<p>Nous partageons des donn\u00e9es avec des tiers qui nous aident \u00e0 g\u00e9rer nos commandes et services de la boutique; par exemple &#8212;<\/p>\n\n\n\n<h3 class=\"wp-block-heading\">Paiements<\/h3>\n\n\n\n<p>Nous acceptons les paiements par PayPal. Lors du traitement des paiements, certains donn\u00e9es seront transmises \u00e0 PayPal, incluant l\u2019information obligatoires \u00e0 l\u2019ex\u00e9cution du paiement, tel que le montant total ou les informations de facturation.<\/p>\n\n\n\n<p>Veuillez lire la&nbsp;<a href=\"https:\/\/www.paypal.com\/us\/webapps\/mpp\/ua\/privacy-full\">politique de confidentialit\u00e9 de PayPal<\/a>&nbsp;pour plus de d\u00e9tails.<\/p>\n","protected":false},"excerpt":{"rendered":"<p>Qui sommes-nous&nbsp;? Le site situ\u00e9 \u00e0 l&rsquo;adresse art-ben.xyz appartient \u00e0 Benoit VIGNOT, artiste peintre. Ce site est destin\u00e9 \u00e0 exposer les \u0153uvres de Benoit VIGNOT. Une boutique en ligne permet de faire l&rsquo;achat de ces \u0153uvres. Commentaires Quand vous laissez un commentaire sur notre site, les donn\u00e9es inscrites dans le formulaire de commentaire, ainsi que [&hellip;]<\/p>\n","protected":false},"author":2,"featured_media":0,"parent":0,"menu_order":0,"comment_status":"closed","ping_status":"closed","template":"","meta":{"footnotes":""},"class_list":["post-3","page","type-page","status-publish","hentry"],"yoast_head":"<!-- This site is optimized with the Yoast SEO plugin v27.4 - https:\/\/yoast.com\/product\/yoast-seo-wordpress\/ -->\n<title>Politique de confidentialit\u00e9 - Benoit VIGNOT<\/title>\n<meta name=\"robots\" content=\"index, follow, max-snippet:-1, max-image-preview:large, max-video-preview:-1\" \/>\n<link rel=\"canonical\" href=\"https:\/\/art-ben.xyz\/index.php\/politique-de-confidentialite\/\" \/>\n<meta property=\"og:locale\" content=\"fr_FR\" \/>\n<meta property=\"og:type\" content=\"article\" \/>\n<meta property=\"og:title\" content=\"Politique de confidentialit\u00e9 - Benoit VIGNOT\" \/>\n<meta property=\"og:description\" content=\"Qui sommes-nous&nbsp;? Le site situ\u00e9 \u00e0 l&rsquo;adresse art-ben.xyz appartient \u00e0 Benoit VIGNOT, artiste peintre. Ce site est destin\u00e9 \u00e0 exposer les \u0153uvres de Benoit VIGNOT. Une boutique en ligne permet de faire l&rsquo;achat de ces \u0153uvres. Commentaires Quand vous laissez un commentaire sur notre site, les donn\u00e9es inscrites dans le formulaire de commentaire, ainsi que [&hellip;]\" \/>\n<meta property=\"og:url\" content=\"https:\/\/art-ben.xyz\/index.php\/politique-de-confidentialite\/\" \/>\n<meta property=\"og:site_name\" content=\"Benoit VIGNOT\" \/>\n<meta property=\"article:publisher\" content=\"https:\/\/www.facebook.com\/ben.vignot\/\" \/>\n<meta property=\"article:modified_time\" content=\"2023-01-12T09:21:40+00:00\" \/>\n<meta name=\"twitter:card\" content=\"summary_large_image\" \/>\n<meta name=\"twitter:label1\" content=\"Dur\u00e9e de lecture estim\u00e9e\" \/>\n\t<meta name=\"twitter:data1\" content=\"6 minutes\" \/>\n<script type=\"application\/ld+json\" class=\"yoast-schema-graph\">{\"@context\":\"https:\\\/\\\/schema.org\",\"@graph\":[{\"@type\":\"WebPage\",\"@id\":\"https:\\\/\\\/art-ben.xyz\\\/index.php\\\/politique-de-confidentialite\\\/\",\"url\":\"https:\\\/\\\/art-ben.xyz\\\/index.php\\\/politique-de-confidentialite\\\/\",\"name\":\"Politique de confidentialit\u00e9 - Benoit VIGNOT\",\"isPartOf\":{\"@id\":\"https:\\\/\\\/art-ben.xyz\\\/#website\"},\"datePublished\":\"2022-11-22T16:04:20+00:00\",\"dateModified\":\"2023-01-12T09:21:40+00:00\",\"breadcrumb\":{\"@id\":\"https:\\\/\\\/art-ben.xyz\\\/index.php\\\/politique-de-confidentialite\\\/#breadcrumb\"},\"inLanguage\":\"fr-FR\",\"potentialAction\":[{\"@type\":\"ReadAction\",\"target\":[\"https:\\\/\\\/art-ben.xyz\\\/index.php\\\/politique-de-confidentialite\\\/\"]}]},{\"@type\":\"BreadcrumbList\",\"@id\":\"https:\\\/\\\/art-ben.xyz\\\/index.php\\\/politique-de-confidentialite\\\/#breadcrumb\",\"itemListElement\":[{\"@type\":\"ListItem\",\"position\":1,\"name\":\"Accueil\",\"item\":\"https:\\\/\\\/art-ben.xyz\\\/\"},{\"@type\":\"ListItem\",\"position\":2,\"name\":\"Politique de confidentialit\u00e9\"}]},{\"@type\":\"WebSite\",\"@id\":\"https:\\\/\\\/art-ben.xyz\\\/#website\",\"url\":\"https:\\\/\\\/art-ben.xyz\\\/\",\"name\":\"Benoit VIGNOT\",\"description\":\"French artist\",\"publisher\":{\"@id\":\"https:\\\/\\\/art-ben.xyz\\\/#\\\/schema\\\/person\\\/4750b63f4f00496cebc6ace7d9f24196\"},\"potentialAction\":[{\"@type\":\"SearchAction\",\"target\":{\"@type\":\"EntryPoint\",\"urlTemplate\":\"https:\\\/\\\/art-ben.xyz\\\/?s={search_term_string}\"},\"query-input\":{\"@type\":\"PropertyValueSpecification\",\"valueRequired\":true,\"valueName\":\"search_term_string\"}}],\"inLanguage\":\"fr-FR\"},{\"@type\":[\"Person\",\"Organization\"],\"@id\":\"https:\\\/\\\/art-ben.xyz\\\/#\\\/schema\\\/person\\\/4750b63f4f00496cebc6ace7d9f24196\",\"name\":\"Ben VIGNOT\",\"image\":{\"@type\":\"ImageObject\",\"inLanguage\":\"fr-FR\",\"@id\":\"http:\\\/\\\/art-ben.xyz\\\/gallery\\\/wp-content\\\/uploads\\\/2022\\\/11\\\/cropped-Signature_Ben_Art.png\",\"url\":\"http:\\\/\\\/art-ben.xyz\\\/gallery\\\/wp-content\\\/uploads\\\/2022\\\/11\\\/cropped-Signature_Ben_Art.png\",\"contentUrl\":\"http:\\\/\\\/art-ben.xyz\\\/gallery\\\/wp-content\\\/uploads\\\/2022\\\/11\\\/cropped-Signature_Ben_Art.png\",\"width\":512,\"height\":512,\"caption\":\"Ben VIGNOT\"},\"logo\":{\"@id\":\"http:\\\/\\\/art-ben.xyz\\\/gallery\\\/wp-content\\\/uploads\\\/2022\\\/11\\\/cropped-Signature_Ben_Art.png\"},\"sameAs\":[\"http:\\\/\\\/www.art-ben.xyz\",\"https:\\\/\\\/www.facebook.com\\\/ben.vignot\\\/\",\"https:\\\/\\\/www.instagram.com\\\/b3n0a\\\/\",\"https:\\\/\\\/www.linkedin.com\\\/in\\\/benoitvignot\\\/\",\"https:\\\/\\\/www.pinterest.fr\\\/benvignot\\\/\"]}]}<\/script>\n<!-- \/ Yoast SEO plugin. -->","yoast_head_json":{"title":"Politique de confidentialit\u00e9 - Benoit VIGNOT","robots":{"index":"index","follow":"follow","max-snippet":"max-snippet:-1","max-image-preview":"max-image-preview:large","max-video-preview":"max-video-preview:-1"},"canonical":"https:\/\/art-ben.xyz\/index.php\/politique-de-confidentialite\/","og_locale":"fr_FR","og_type":"article","og_title":"Politique de confidentialit\u00e9 - Benoit VIGNOT","og_description":"Qui sommes-nous&nbsp;? Le site situ\u00e9 \u00e0 l&rsquo;adresse art-ben.xyz appartient \u00e0 Benoit VIGNOT, artiste peintre. Ce site est destin\u00e9 \u00e0 exposer les \u0153uvres de Benoit VIGNOT. Une boutique en ligne permet de faire l&rsquo;achat de ces \u0153uvres. Commentaires Quand vous laissez un commentaire sur notre site, les donn\u00e9es inscrites dans le formulaire de commentaire, ainsi que [&hellip;]","og_url":"https:\/\/art-ben.xyz\/index.php\/politique-de-confidentialite\/","og_site_name":"Benoit VIGNOT","article_publisher":"https:\/\/www.facebook.com\/ben.vignot\/","article_modified_time":"2023-01-12T09:21:40+00:00","twitter_card":"summary_large_image","twitter_misc":{"Dur\u00e9e de lecture estim\u00e9e":"6 minutes"},"schema":{"@context":"https:\/\/schema.org","@graph":[{"@type":"WebPage","@id":"https:\/\/art-ben.xyz\/index.php\/politique-de-confidentialite\/","url":"https:\/\/art-ben.xyz\/index.php\/politique-de-confidentialite\/","name":"Politique de confidentialit\u00e9 - Benoit VIGNOT","isPartOf":{"@id":"https:\/\/art-ben.xyz\/#website"},"datePublished":"2022-11-22T16:04:20+00:00","dateModified":"2023-01-12T09:21:40+00:00","breadcrumb":{"@id":"https:\/\/art-ben.xyz\/index.php\/politique-de-confidentialite\/#breadcrumb"},"inLanguage":"fr-FR","potentialAction":[{"@type":"ReadAction","target":["https:\/\/art-ben.xyz\/index.php\/politique-de-confidentialite\/"]}]},{"@type":"BreadcrumbList","@id":"https:\/\/art-ben.xyz\/index.php\/politique-de-confidentialite\/#breadcrumb","itemListElement":[{"@type":"ListItem","position":1,"name":"Accueil","item":"https:\/\/art-ben.xyz\/"},{"@type":"ListItem","position":2,"name":"Politique de confidentialit\u00e9"}]},{"@type":"WebSite","@id":"https:\/\/art-ben.xyz\/#website","url":"https:\/\/art-ben.xyz\/","name":"Benoit VIGNOT","description":"French artist","publisher":{"@id":"https:\/\/art-ben.xyz\/#\/schema\/person\/4750b63f4f00496cebc6ace7d9f24196"},"potentialAction":[{"@type":"SearchAction","target":{"@type":"EntryPoint","urlTemplate":"https:\/\/art-ben.xyz\/?s={search_term_string}"},"query-input":{"@type":"PropertyValueSpecification","valueRequired":true,"valueName":"search_term_string"}}],"inLanguage":"fr-FR"},{"@type":["Person","Organization"],"@id":"https:\/\/art-ben.xyz\/#\/schema\/person\/4750b63f4f00496cebc6ace7d9f24196","name":"Ben VIGNOT","image":{"@type":"ImageObject","inLanguage":"fr-FR","@id":"https:\/\/art-ben.xyz\/gallery\/wp-content\/uploads\/2022\/11\/cropped-Signature_Ben_Art.png","url":"https:\/\/art-ben.xyz\/gallery\/wp-content\/uploads\/2022\/11\/cropped-Signature_Ben_Art.png","contentUrl":"https:\/\/art-ben.xyz\/gallery\/wp-content\/uploads\/2022\/11\/cropped-Signature_Ben_Art.png","width":512,"height":512,"caption":"Ben VIGNOT"},"logo":{"@id":"https:\/\/art-ben.xyz\/gallery\/wp-content\/uploads\/2022\/11\/cropped-Signature_Ben_Art.png"},"sameAs":["http:\/\/www.art-ben.xyz","https:\/\/www.facebook.com\/ben.vignot\/","https:\/\/www.instagram.com\/b3n0a\/","https:\/\/www.linkedin.com\/in\/benoitvignot\/","https:\/\/www.pinterest.fr\/benvignot\/"]}]}},"jetpack_sharing_enabled":true,"_links":{"self":[{"href":"https:\/\/art-ben.xyz\/index.php\/wp-json\/wp\/v2\/pages\/3","targetHints":{"allow":["GET"]}}],"collection":[{"href":"https:\/\/art-ben.xyz\/index.php\/wp-json\/wp\/v2\/pages"}],"about":[{"href":"https:\/\/art-ben.xyz\/index.php\/wp-json\/wp\/v2\/types\/page"}],"author":[{"embeddable":true,"href":"https:\/\/art-ben.xyz\/index.php\/wp-json\/wp\/v2\/users\/2"}],"replies":[{"embeddable":true,"href":"https:\/\/art-ben.xyz\/index.php\/wp-json\/wp\/v2\/comments?post=3"}],"version-history":[{"count":3,"href":"https:\/\/art-ben.xyz\/index.php\/wp-json\/wp\/v2\/pages\/3\/revisions"}],"predecessor-version":[{"id":179,"href":"https:\/\/art-ben.xyz\/index.php\/wp-json\/wp\/v2\/pages\/3\/revisions\/179"}],"wp:attachment":[{"href":"https:\/\/art-ben.xyz\/index.php\/wp-json\/wp\/v2\/media?parent=3"}],"curies":[{"name":"wp","href":"https:\/\/api.w.org\/{rel}","templated":true}]}}